0 (base 7) to base 10
105
Convert 100 (base 2) to base 14.
4
What is 413 (base 7) in base 4?
3032
Convert -21 (base 3) to base 16.
-7
What is 14 (base 9) in base 4?
31
What is -206 (base 10) in base 12?
-152
Convert 3 (base 15) to base 7.
3
Convert -5 (base 11) to base 5.
-10
Convert 17 (base 13) to base 12.
18
-6 (base 16) to base 4
-12
52 (base 10) to base 4
310
30 (base 5) to base 8
17
-53 (base 10) to base 8
-65
Convert -14 (base 12) to base 8.
-20
Convert 11 (base 2) to base 5.
3
Convert 22 (base 8) to base 16.
12
Convert -2220 (base 3) to base 8.
-116
101 (base 5) to base 7
35
1 (base 12) to base 4
1
Convert 20 (base 3) to base 7.
6
101001 (base 3) to base 9
331
What is -1 (base 6) in base 10?
-1
What is 0 (base 7) in base 8?
0
What is -254 (base 7) in base 15?
-92
Convert 20000 (base 3) to base 12.
116
-7 (base 12) to base 15
-7
0 (base 8) to base 3
0
2 (base 8) to base 3
2
7 (base 16) to base 8
7
-1124 (base 5) to base 8
-244
Convert -3 (base 5) to base 14.
-3
What is 0 (base 14) in base 15?
0
Convert -1 (base 3) to base 16.
-1
Convert -51 (base 6) to base 12.
-27
11001 (base 2) to base 16
19
What is -114 (base 10) in base 16?
-72
Convert -1 (base 2) to base 15.
-1
-9 (base 15) to base 2
-1001
What is -11 (base 3) in base 6?
-4
What is 22 (base 7) in base 4?
100
What is 2 (base 16) in base 5?
2
What is 59 (base 11) in base 4?
1000
What is 1 (base 9) in base 3?
1
Convert -35 (base 9) to base 15.
-22
Convert -22 (base 14) to base 4.
-132
36 (base 16) to base 15
39
What is d2 (base 16) in base 15?
e0
Convert 67 (base 14) to base 9.
111
-1001 (base 3) to base 8
-34
What is -11 (base 2) in base 6?
-3
What is 11 (base 3) in base 10?
4
Convert 16 (base 15) to base 14.
17
What is 0 (base 2) in base 16?
0
Convert 5 (base 14) to base 15.
5
Convert 0 (base 9) to base 10.
0
-3 (base 5) to base 14
-3
What is 25 (base 16) in base 13?
2b
What is -16 (base 13) in base 16?
-13
What is -112 (base 3) in base 8?
-16
Convert -2 (base 12) to base 8.
-2
31 (base 4) to base 7
16
0 (base 7) to base 10
0
-20 (base 6) to base 9
-13
What is 42 (base 14) in base 2?
111010
-12 (base 8) to base 11
-a
100 (base 5) to base 9
27
1 (base 7) to base 10
1
Convert 5 (base 6) to base 3.
12
Convert 173 (base 10) to base 15.
b8
What is -16 (base 14) in base 16?
-14
What is 9 (base 13) in base 11?
9
What is 0 (base 4) in base 7?
0
-32 (base 10) to base 6
-52
Convert 5 (base 8) to base 7.
5
11 (base 4) to base 10
5
-3 (base 15) to base 8
-3
Convert -10010 (base 2) to base 16.
-12
-241 (base 5) to base 10
-71
-2 (base 10) to base 9
-2
-3 (base 5) to base 11
-3
What is 0 (base 16) in base 12?
0
What is -2 (base 9) in base 3?
-2
Convert 13 (base 8) to base 15.
b
Convert 4 (base 11) to base 14.
4
What is 342 (base 5) in base 7?
166
What is -a (base 12) in base 9?
-11
-46 (base 7) to base 14
-26
What is -8 (base 9) in base 12?
-8
122 (base 14) to base 10
226
1141 (base 5) to base 13
102
Convert 24 (base 6) to base 12.
14
17 (base 11) to base 16
12
d (base 15) to base 4
31
20 (base 4) to base 14
8
19 (base 13) to base 5
42
What is -10103 (base 4) in base 16?
-113
20 (base 3) to base 6
10
-45 (base 14) to base 13
-49
What is 2 (base 9) in base 16?
2
2 (base 3) to base 10
2
1 (base 5) to base 4
1
What is -331 (base 4) in base 12?
-51
-120 (base 4) to base 7
-33
What is -5 (base 7) in base 4?
-11
Convert 4 (base 6) to base 9.
4
What is -1 (base 3) in base 2?
-1
What is -6 (base 13) in base 8?
-6
What is -32 (base 4) in base 15?
-e
What is -2 (base 13) in base 5?
-2
3 (base 9) to base 15
3
5 (base 10) to base 8
5
What is -32 (base 4) in base 6?
-22
Convert -16 (base 13) to base 12.
-17
Convert -2a (base 11) to base 5.
-112
182 (base 9) to base 5
1110
1011 (base 2) to base 8
13
Convert -314 (base 5) to base 4.
-1110
What is 19 (base 10) in base 16?
13
Convert -2 (base 14) to base 6.
-2
What is 28 (base 11) in base 14?
22
What is 33 (base 13) in base 10?
42
What is -2 (base 11) in base 7?
-2
What is -1 (base 7) in base 6?
-1
What is -10 (base 14) in base 16?
-e
20221 (base 3) to base 14
d5
-3 (base 4) to base 7
-3
Convert -2 (base 16) to base 9.
-2
What is -10 (base 2) in base 16?
-2
Convert 1 (base 10) to base 9.
1
-1 (base 15) to base 11
-1
Convert 355 (base 7) to base 5.
1222
What is -2 (base 11) in base 14?
-2
Convert 2 (base 13) to base 16.
2
What is -103 (base 5) in base 8?
-34
33 (base 16) to base 8
63
Convert -114 (base 8) to base 4.
-1030
Convert 1011111 (base 2) to base 8.
137
What is 11 (base 2) in base 5?
3
-12 (base 5) to base 7
-10
What is -71 (base 16) in base 13?
-89
Convert -21 (base 7) to base 14.
-11
What is -233 (base 7) in base 9?
-145
-110 (base 2) to base 9
-6
246 (base 7) to base 10
132
What is 30 (base 4) in base 13?
c
0 (base 7) to base 16
0
Convert -ba (base 12) to base 3.
-12021
62 (base 7) to base 11
40
-3 (base 9) to base 8
-3
Convert 15 (base 16) to base 9.
23
-1c (base 14) to base 13
-20
Convert 5e (base 16) to base 5.
334
Convert 4 (base 9) to base 13.
4
What is 13 (base 16) in base 15?
14
-111 (base 3) to base 13
-10
What is 9 (base 15) in base 13?
9
Convert 3 (base 14) to base 8.
3
22 (base 8) to base 3
200
Convert 25 (base 15) to base 5.
120
Convert 196 (base 15) to base 8.
556
Convert 4 (base 5) to base 11.
4
Convert -1 (base 14) to base 10.
-1
1 (base 11) to base 6
1
-42 (base 9) to base 11
-35
1 (base 3) to base 4
1
What is 158 (base 16) in base 5?
2334
What is -25 (base 10) in base 9?
-27
Convert -3 (base 9) to base 12.
-3
81 (base 14) to base 3
11012
20 (base 6) to base 15
c
1 (base 14) to base 2
1
-17 (base 14) to base 10
-21
26 (base 10) to base 16
1a
4 (base 15) to base 16
4
-433 (base 7) to base 6
-1004
Convert 2101 (base 4) to base 14.
a5
What is -22 (base 5) in base 4?
-30
What is -2 (base 15) in base 12?
-2
Convert -175 (base 13) to base 5.
-2030
Convert 4 (base 7) to base 8.
4
Convert -1302 (base 6) to base 2.
-101000110
-8 (base 9) to base 14
-8
What is -1 (base 11) in base 2?
-1
-562 (base 7) to base 5
-2124
-4 (base 13) to base 15
-4
22 (base 6) to base 8
16
0 (base 7) to base 12
0
Convert 4 (base 7) to base 11.
4
What is -159 (base 15) in base 3?
-102110
What is 200 (base 4) in base 16?
20
What is 0 (base 10) in base 8?
0
Convert 3 (base 8) to base 13.
3
Convert -154 (base 6) to base 12.
-5a
5 (base 10) to base 14
5
Convert 214 (base 5) to base 8.
73
What is -1b (base 14) in base 4?
-121
-66 (base 11) to base 16
-48
What is -5 (base 10) in base 16?
-5
Convert 3 (base 14) to base 15.
3
0 (base 3) to base 7
0
74 (base 12) to base 16
58
Convert 100 (base 2) to base 15.
4
What is -3 (base 5) in base 7?
-3
Convert -21 (base 7) to base 11.
-14
0 (base 10) to base 7
0
Convert 3 (base 8) to base 7.
3
-1010101 (base 2) to base 7
-151
What is -441 (base 5) in base 15?
-81
What is -221 (base 10) in base 15?
-eb
Convert -15 (base 13) to base 8.
-22
Convert -2 (base 13) to base 2.
-10
-13 (base 7) to base 15
-a
What is -24 (base 8) in base 3?
-202
-b (base 15) to base 13
-b
2 (base 6) to base 8
2
Convert 10 (base 5) to base 8.
5
Convert 61 (base 8) to base 12.
41
Convert -24 (base 16) to base 13.
-2a
-100 (base 4) to base 15
-11
Convert 232 (base 6) to base 3.
10102
What is -4a (base 15) in base 5?
-240
-2 (base 4) to base 5
-2
What is 3e (base 16) in base 13?
4a
-2 (base 11) to base 16
-2
What is b (base 12) in base 2?
1011
What is -91 (base 10) in base 12?
-77
139 (base 10) to base 14
9d
What is 4 (base 5) in base 3?
11
What is -4 (base 9) in base 13?
-4
-1001 (base 2) to base 3
-100
What is d (base 16) in base 14?
d
Convert -122 (base 5) to base 10.
-37
-1 (base 10) to base 2
-1
Convert -642 (base 7) to base 6.
-1300
What is -2 (base 4) in base 16?
-2
Convert 4 (base 11) to base 9.
4
What is -18 (base 12) in base 9?
-22
Convert 20 (base 13) to base 15.
1b
What is -10 (base 16) in base 8?
-20
0 (base 13) to base 16
0
What is 6 (base 11) in base 5?
11
Convert -1 (base 7) to base 16.
-1
1 (base 11) to base 10
1
Convert -27 (base 16) to base 12.
-33
What is -14 (base 8) in base 13?
-c
Convert -eb (base 15) to base 2.
-11011101
Convert 2 (base 3) to base 13.
2
6 (base 12) to base 11
6
Convert 1 (base 15) to base 12.
1
What is -7 (base 9) in base 4?
-13
What is 13 (base 6) in base 15?
9
2 (base 14) to base 5
2
Convert 0 (base 3) to base 6.
0
23 (ba